8?
2, 3, 7, 17
What are the prime factors of 12474?
2, 3, 7, 11
What are the prime factors of 72209?
163, 443
List the prime factors of 50603.
7, 7229
List the prime factors of 2150.
2, 5, 43
List the prime factors of 483.
3, 7, 23
List the prime factors of 318.
2, 3, 53
List the prime factors of 10.
2, 5
What are the prime factors of 1866?
2, 3, 311
What are the prime factors of 16551?
3, 613
List the prime factors of 97244.
2, 7, 23, 151
What are the prime factors of 6283?
61, 103
List the prime factors of 572.
2, 11, 13
List the prime factors of 5247.
3, 11, 53
What are the prime factors of 2225?
5, 89
List the prime factors of 25288.
2, 29, 109
List the prime factors of 17819.
103, 173
What are the prime factors of 8209?
8209
What are the prime factors of 3122?
2, 7, 223
What are the prime factors of 7480?
2, 5, 11, 17
List the prime factors of 669.
3, 223
What are the prime factors of 1251?
3, 139
What are the prime factors of 39391?
11, 3581
What are the prime factors of 427?
7, 61
What are the prime factors of 272?
2, 17
List the prime factors of 20561.
29, 709
What are the prime factors of 129861?
3, 47, 307
What are the prime factors of 2730?
2, 3, 5, 7, 13
List the prime factors of 18936.
2, 3, 263
What are the prime factors of 18395?
5, 13, 283
What are the prime factors of 112024?
2, 11, 19, 67
List the prime factors of 77954.
2, 38977
List the prime factors of 38203.
11, 23, 151
List the prime factors of 7059.
3, 13, 181
List the prime factors of 5919.
3, 1973
What are the prime factors of 2914?
2, 31, 47
List the prime factors of 7195.
5, 1439
List the prime factors of 30.
2, 3, 5
What are the prime factors of 7891?
13, 607
What are the prime factors of 38305?
5, 47, 163
List the prime factors of 37039.
37039
List the prime factors of 37169.
11, 31, 109
List the prime factors of 34513.
34513
What are the prime factors of 55059?
3, 18353
List the prime factors of 9870.
2, 3, 5, 7, 47
What are the prime factors of 897?
3, 13, 23
List the prime factors of 616.
2, 7, 11
What are the prime factors of 407?
11, 37
List the prime factors of 1164.
2, 3, 97
What are the prime factors of 917?
7, 131
List the prime factors of 73.
73
What are the prime factors of 2716?
2, 7, 97
What are the prime factors of 8905?
5, 13, 137
List the prime factors of 24679.
23, 29, 37
List the prime factors of 14005.
5, 2801
List the prime factors of 11960.
2, 5, 13, 23
List the prime factors of 182.
2, 7, 13
List the prime factors of 19127.
31, 617
List the prime factors of 827.
827
List the prime factors of 4080.
2, 3, 5, 17
What are the prime factors of 46069?
23, 2003
List the prime factors of 30997.
139, 223
List the prime factors of 2571.
3, 857
What are the prime factors of 2660?
2, 5, 7, 19
List the prime factors of 21924.
2, 3, 7, 29
List the prime factors of 57013.
11, 71, 73
What are the prime factors of 108378?
2, 3, 223
List the prime factors of 4592.
2, 7, 41
List the prime factors of 3517.
3517
List the prime factors of 7058.
2, 3529
What are the prime factors of 3838?
2, 19, 101
What are the prime factors of 8186?
2, 4093
List the prime factors of 38923.
38923
List the prime factors of 26332.
2, 29, 227
List the prime factors of 2916.
2, 3
What are the prime factors of 68185?
5, 13, 1049
List the prime factors of 11083.
11083
What are the prime factors of 3760?
2, 5, 47
List the prime factors of 182.
2, 7, 13
What are the prime factors of 14868?
2, 3, 7, 59
What are the prime factors of 957?
3, 11, 29
What are the prime factors of 16638?
2, 3, 47, 59
What are the prime factors of 3930?
2, 3, 5, 131
List the prime factors of 3913.
7, 13, 43
List the prime factors of 165855.
3, 5, 11057
List the prime factors of 22960.
2, 5, 7, 41
What are the prime factors of 52316?
2, 11, 29, 41
What are the prime factors of 12963?
3, 29, 149
What are the prime factors of 15880?
2, 5, 397
What are the prime factors of 30127?
47, 641
List the prime factors of 2594.
2, 1297
What are the prime factors of 961?
31
List the prime factors of 16316.
2, 4079
List the prime factors of 2234.
2, 1117
List the prime factors of 205.
5, 41
What are the prime factors of 326?
2, 163
What are the prime factors of 59265?
3, 5, 439
What are the prime factors of 1361?
1361
What are the prime factors of 764?
2, 191
What are the prime factors of 65962?
2, 13, 43, 59
List the prime factors of 2098.
2, 1049
List the prime factors of 33965.
5, 6793
What are the prime factors of 131750?
2, 5, 17, 31
What are the prime factors of 8?
2
List the prime factors of 660.
2, 3, 5, 11
What are the prime factors of 1963?
13, 151
List the prime factors of 298.
2, 149
List the prime factors of 1699.
1699
What are the prime factors of 12919?
12919
List the prime factors of 4363.
4363
What are the prime factors of 10156?
2, 2539
What are the prime factors of 225?
3, 5
What are the prime factors of 54549?
3, 11, 19, 29
What are the prime factors of 19374?
2, 3, 3229
List the prime factors of 2074.
2, 17, 61
List the prime factors of 1039.
1039
What are the prime factors of 1850?
2, 5, 37
List the prime factors of 799.
17, 47
List the prime factors of 11617.
11617
What are the prime factors of 143160?
2, 3, 5, 1193
What are the prime factors of 686?
2, 7
What are the prime factors of 550?
2, 5, 11
What are the prime factors of 19238?
2, 9619
List the prime factors of 54116.
2, 83, 163
List the prime factors of 1578.
2, 3, 263
List the prime factors of 14320.
2, 5, 179
List the prime factors of 556.
2, 139
List the prime factors of 18313.
18313
What are the prime factors of 11788?
2, 7, 421
What are the prime factors of 32256?
2, 3, 7
List the prime factors of 979.
11, 89
List the prime factors of 1107.
3, 41
What are the prime factors of 4543?
7, 11, 59
What are the prime factors of 5598?
2, 3, 311
What are the prime factors of 12291?
3, 17, 241
What are the prime factors of 588?
2, 3, 7
What are the prime factors of 18779?
89, 211
List the prime factors of 102598.
2, 43, 1193
List the prime factors of 67086.
2, 3, 3727
List the prime factors of 21487.
21487
What are the prime factors of 191907?
3, 21323
List the prime factors of 22728.
2, 3, 947
What are the prime factors of 7711?
11, 701
List the prime factors of 197.
197
List the prime factors of 14496.
2, 3, 151
List the prime factors of 128703.
3, 42901
What are the prime factors of 1095?
3, 5, 73
What are the prime factors of 36626?
2, 18313
List the prime factors of 1927.
41, 47
What are the prime factors of 3894?
2, 3, 11, 59
What are the prime factors of 15814?
2, 7907
What are the prime factors of 452?
2, 113
List the prime factors of 5052.
2, 3, 421
List the prime factors of 5520.
2, 3, 5, 23
List the prime factors of 37816.
2, 29, 163
List the prime factors of 16174.
2, 8087
What are the prime factors of 5574?
2, 3, 929
What are the prime factors of 42641?
42641
List the prime factors of 10450.
2, 5, 11, 19
What are the prime factors of 33864?
2, 3, 17, 83
What are the prime factors of 623?
7, 89
What are the prime factors of 44360?
2, 5, 1109
List the prime factors of 1710.
2, 3, 5, 19
List the prime factors of 45662.
2, 17, 79
List the prime factors of 39172.
2, 7, 1399
List the prime factors of 3059.
7, 19, 23
What are the prime factors of 95320?
2, 5, 2383
List the prime factors of 5026.
2, 7, 359
List the prime factors of 12772.
2, 31, 103
What are the prime factors of 4514?
2, 37, 61
What are the prime factors of 4934?
2, 2467
What are the prime factors of 1345?
5, 269
List the prime factors of 30923.
17, 107
List the prime factors of 13336.
2, 1667
List the prime factors of 2603.
19, 137
List the prime factors of 74505.
3, 5, 4967
List the prime factors of 79816.
2, 11, 907
List the prime factors of 1173.
3, 17, 23
List the prime factors of 541.
541
List the prime factors of 1768.
2, 13, 17
List the prime factors of 7878.
2, 3, 13, 101
What are the prime factors of 76798?
2, 19, 43, 47
List the prime factors of 68070.
2, 3, 5, 2269
List the prime factors of 15505.
5, 7, 443
What are the prime factors of 375?
3, 5
List the prime factors of 46071.
3, 5119
What are the prime factors of 17441?
107, 163
What are the prime factors of 11185?
5, 2237
What are the prime factors of 110991?
3, 36997
What are the prime factors of 1581?
3, 17